(-15) + -5)*6. Suppose -x*p + 22*p = -444. What are the prime factors of p?
2, 37
Suppose 0 = 5*b - 3*k - 0 - 110, -67 = -3*b + 2*k. Let q(p) = 2*p**2 - 20*p + 7. Let l be q(9). Let x = l + b. What are the prime factors of x?
2
Let s be 5/(-3) - 1918/(-6). Let f = 488 - s. List the prime factors of f.
2, 5, 17
Let h be 15/(0 + (-9)/(-6)). Suppose 6 = 4*v - h. Suppose -r + 10 = v*r. What are the prime factors of r?
2
Suppose 9*z - 11993 + 4577 = 0. What are the prime factors of z?
2, 103
Let o(x) = -11*x + 30. Let k be o(-9). Let b = k - 72. What are the prime factors of b?
3, 19
Let h(v) = 4*v + 10. Let p be h(-4). List the prime factors of (-154)/(-6) - p/(-9).
5
Let o = -122 + 52. Let n = o - -82. List the prime factors of n.
2, 3
Let g = -17 - -79. Let f = 77 + g. What are the prime factors of f?
139
Suppose -2*a = -4*r - 792, a - 5*r - 164 = 232. What are the prime factors of a?
2, 3, 11
Let n be 14 + -1 + 2 + -3. Let o(k) = -k**2 + 12*k + 2. Let a be o(n). Suppose -a*h = 3*x - 4*x + 29, -65 = -3*x - 5*h. List the prime factors of x.
5
Suppose 7*u - 3422 = -811. List the prime factors of u.
373
Suppose -4 = h, 2*b = 3*h - 4*h. Suppose -j - 4*x + 4 = 0, -b*j + 2 = -4*j - 3*x. What are the prime factors of 5 - ((-1 - -2) + j)?
2
Let w = 99 - 67. Let x be 7/(-35) + w/10. Suppose -5*j - x = -53. List the prime factors of j.
2, 5
Let r be 2/(-5) - (-1952)/5. Suppose 7*x - x = r. Suppose 13 = -m + x. List the prime factors of m.
2, 13
Let j = -105 + 147. Let r be j/6*(1 - 4). What are the prime factors of r/(-14) + (-106)/(-4)?
2, 7
Let x = -13 - -15. Suppose -l = x*l - 120. List the prime factors of l.
2, 5
Let o = -192 + 184. Let j(v) be the first derivative of 2*v**3/3 + 9*v**2/2 - 16*v + 2. What are the prime factors of j(o)?
2, 5
Suppose 140 = 5*n + 5. List the prime factors of n.
3
Let t(c) = -c**2 + 12*c + 7. Suppose 12 = -2*n - 6. Let m = n - -19. List the prime factors of t(m).
3
Let a(p) = -4*p + 51. Let h be a(12). Suppose 0 = -h*q - 5*i + 190, 5*q + 4*i - 280 = 3*i. What are the prime factors of q?
5, 11
Suppose 0 = 3*l + 2*l - 1965. Suppose 0 = 4*v - v - l. What are the prime factors of v?
131
Let j = -154 + 174. Suppose -17*t + j*t = 558. What are the prime factors of t?
2, 3, 31
Suppose 56*r - 225 = 53*r. List the prime factors of r.
3, 5
Suppose -3*w + 100 = 3*j + 25, -w - 1 = 0. Suppose 6*u = -13 + 19. Let b = u + j. What are the prime factors of b?
3
Suppose 5*a = 4*x - 1, -x + 13 = 3*a - 0*x. Suppose -a*n + 0 = -15, -5*p + n = -280. What are the prime factors of p?
3, 19
Let l(p) = p**3 + 7*p**2 + 2*p + 2. Let u be l(-7). Let s(a) = -a**3 - 11*a**2 + 18. List the prime factors of s(u).
2, 3
Let o(b) be the first derivative of 5*b - 4*b + b - 2 - 3*b - 2*b**2. What are the prime factors of o(-9)?
5, 7
Let i = 295 + -282. List the prime factors of i.
13
Let w = 7 - 15. Let f(l) = -8*l - 10. Let k be f(w). Let z = -37 + k. List the prime factors of z.
17
Let f(n) = n + 1. Let b be f(-5). Let g(d) = -10*d + 10. List the prime factors of g(b).
2, 5
List the prime factors of 1 + (-9)/7 + (-7458)/(-231).
2
Suppose -128*v + 139*v - 11165 = 0. What are the prime factors of v?
5, 7, 29
Let r(l) = 2*l**2 + l - 6. Suppose 5 = 4*n - 23. Let w be r(n). List the prime factors of w*(-1 + 16/12).
3, 11
Let n(z) = -z**3 - z**2 - 2*z - 2. Let r be n(-3). Let q = -40 + r. Let y(s) = -s**3 - 18*s**2 + 3. What are the prime factors of y(q)?
3
Suppose -5*y + 2963 = 2*o, -55*o + 57*o - 2960 = -4*y. List the prime factors of o.
2, 11, 67
Let a(f) = 2*f**2 + 28*f + 106. What are the prime factors of a(-27)?
2, 101
Let v be 8/(-6)*(-4 - (-6 + 5)). Suppose w = 3*w + v, 4*q + 5*w - 454 = 0. List the prime factors of q.
2, 29
Let t be 70/3 - 2/(-3). Suppose 2*p = 0, 4*y - 8 = p + 8. Suppose y + t = c. What are the prime factors of c?
2, 7
Let o = 5357 - 2340. List the prime factors of o.
7, 431
Let i(y) = -4*y**3 + 5*y**2 - y - 4. Let c be i(3). Let m = -19 - c. What are the prime factors of m?
3, 17
What are the prime factors of 4548/16 - -2*4/(-32)?
2, 71
Let l(m) = -226*m + 761. What are the prime factors of l(-14)?
5, 157
Let s = -224 - -339. What are the prime factors of s/10*10 - 4?
3, 37
Let u be (-5)/(10/136) - -3. Let j = -23 - u. List the prime factors of j.
2, 3, 7
Let p = -651 + 1906. Suppose l = 4*s + 6*l - p, -1270 = -4*s - 2*l. List the prime factors of s.
2, 5
Let j be ((-15)/2)/((-1)/2). What are the prime factors of ((-21)/(-2))/(j/160)?
2, 7
Let a(b) = 0*b**2 - 2*b**2 - 3*b + 2*b**3 - 3*b**2 - 5*b**2. Let w be a(7). Suppose f - w = -4*f. What are the prime factors of f?
5, 7
List the prime factors of (((-6)/4)/(-3))/(55/53350).
5, 97
Let d be ((1 - 4) + 15/3)*2. Let b(c) = c. Let q be b(6). Suppose -l + d = -q. List the prime factors of l.
2, 5
Let y(a) = -18*a - 2. Suppose -m + 2 = 3. Let n be y(m). What are the prime factors of 12*(n/(-6) - -3)?
2
Let p = -87 + 3138. What are the prime factors of p?
3, 113
What are the prime factors of (-3 - (-1287)/6)*2 - 0?
3, 47
Let m = 3 + 266. Suppose 0 = -12*v + 1759 + m. What are the prime factors of v?
13
What are the prime factors of (156/(-117))/(1/(-219))?
2, 73
Suppose 0 = -5*z - 12*z + 6188. List the prime factors of z.
2, 7, 13
Suppose 621*o = 624*o - 927. What are the prime factors of o?
3, 103
Let h(n) = n**2 - 1. Let j be h(0). List the prime factors of 7 + j/2*-2.
2
Let o be 158/5 + (-4)/(-10). Let y = 61 - o. Suppose 77 - y = 3*v. List the prime factors of v.
2
Let y(m) = -2*m + 3. Let z be y(1). What are the prime factors of z + -5 + (-4 - 39*-3)?
109
Let j = -21 + 17. List the prime factors of (-5)/(-20) + (-151)/j.
2, 19
Suppose r - 4*r = 0. Suppose 2*z + 4*v - 2 = r, -2*z - 2*v - v + 6 = 0. What are the prime factors of z?
3
Let u = -76 - -107. Suppose 242 = u*k - 30*k. List the prime factors of k.
2, 11
Suppose 0 = 4*u - 3*u - 2*q - 42, -1 = q. Suppose -u*l = -39*l - 16. List the prime factors of l.
2
Suppose -2*x + 3762 = 5*b - 3*x, b - 4*x - 760 = 0. List the prime factors of b.
2, 47
Let g(k) = 9*k + 4. Let m(n) = n**3 + 4*n**2 - 2*n - 4. Let i be m(-4). Suppose -4*j = -2*s - 12, -i*s - 2*j + 7*j - 12 = 0. List the prime factors of g(s).
2, 11
Suppose 5*z - 5*v - 2210 = 0, -16*z - 4*v = -19*z + 1322. List the prime factors of z.
2, 223
Let v = -3 - -9. Let y(s) = s**3 - s**2. Let x(r) = -7*r**3 + 10*r**2 - 4*r + 2. Let h(i) = v*y(i) + x(i). List the prime factors of h(2).
2
Let u be 2 + (2 - 618/2). Let x = u + 509. Suppose 0*q + 4*q - x = 0. List the prime factors of q.
3, 17
Suppose -5*k - 59 + 1149 = 0. What are the prime factors of k?
2, 109
Let y(s) = -37*s + 15. Let c be y(7). What are the prime factors of c/(1 + -5) + 2?
3, 7
Let a = -2 + 111. What are the prime factors of a?
109
Let a(c) = c**2 + 7*c + 10. Let f be a(-5). Suppose -4*z - 108 + 336 = f. List the prime factors of z.
3, 19
Let w be 9/(-6)*2*(-2 + 1). Suppose -164 = -2*r + 4*k, 7*k = w*r + 3*k - 250. What are the prime factors of r?
2, 43
List the prime factors of 289*1 + 4 + -1 + -1.
3, 97
Let y(l) = 2*l**2 - 3*l. Let s be 54/10 - 14/35. Suppose -3*v + 24 = s*f, 2*f - 6 = -v + 3. What are the prime factors of y(f)?
3
Let y = -1911 + 1958. List the prime factors of y.
47
Suppose -123 - 222 = -5*o - 5*r, -r = 2. Suppose -4*k - 8 = -5*h + 229, -75 = -2*h - 5*k. Let m = o - h. What are the prime factors of m?
2, 13
Suppose 4*f - v = 831, -1180 + 136 = -5*f + 3*v. List the prime factors of f.
3, 23
List the prime factors of (-58)/319 + 15646/22.
3, 79
Let m = -14 + 1. Let h = 20 + m. Suppose 0 = h*z - 184 - 82. What are the prime factors of z?
2, 19
Suppose -3*o = -8*o + 10. Let h be (-744)/(-620)*(60/1)/2. Suppose c + s - h = -5, 0 = -o*c + 5*s + 41. What are the prime factors of c?
2, 7
Suppose 2504 = 13*l - 1890. List the prime factors of l.
2, 13
List the prime factors of ((-21)/42)/(1/(-634)).
317
Let p(v) be the third derivative of v**6/120 + v**5/10 + v**4/4 + 5*v**3/6 + v**2. Let a be p(-6). Let z = a - -74. What are the prime factors of z?
43
Let s be (-119)/(-9) + 4/(-18). Let f = -926 + 1008. Let g = f - s. List the prime factors of g.
3, 23
List the prime factors of 140/15*(-978)/(-7).
2, 163
Let h(l) = -2*l**3 - 2*l**2 - 2*l + 3. Suppose 0 = 3*a - 4*a. Suppose 13 = -5*f - d, -f - 5 = -a*d - d